{"id":59,"date":"2022-08-16T12:52:03","date_gmt":"2022-08-16T10:52:03","guid":{"rendered":"http:\/\/info-omer.home.pl\/autoinstalator\/wordpressplugins21\/?page_id=59"},"modified":"2024-04-26T12:18:50","modified_gmt":"2024-04-26T10:18:50","slug":"triathlon","status":"publish","type":"page","link":"https:\/\/basen.js-jarocin.pl\/index.php\/nauka-plywania\/triathlon\/","title":{"rendered":"Triathlon"},"content":{"rendered":"\t\t<div data-elementor-type=\"wp-page\" data-elementor-id=\"59\" class=\"elementor elementor-59\">\n\t\t\t\t\t\t<section class=\"elementor-section elementor-top-section elementor-element elementor-element-78f29a2 elementor-section-full_width elementor-section-height-default elementor-section-height-default\" data-id=\"78f29a2\" data-element_type=\"section\" data-e-type=\"section\">\n\t\t\t\t\t\t<div class=\"elementor-container elementor-column-gap-no\">\n\t\t\t\t\t<div class=\"elementor-column elementor-col-100 elementor-top-column elementor-element elementor-element-0032ab1\" data-id=\"0032ab1\" data-element_type=\"column\" data-e-type=\"column\">\n\t\t\t<div class=\"elementor-widget-wrap\">\n\t\t\t\t\t\t\t<\/div>\n\t\t<\/div>\n\t\t\t\t\t<\/div>\n\t\t<\/section>\n\t\t\t\t<section class=\"elementor-section elementor-top-section elementor-element elementor-element-fc14c44 elementor-section-boxed elementor-section-height-default elementor-section-height-default\" data-id=\"fc14c44\" data-element_type=\"section\" data-e-type=\"section\">\n\t\t\t\t\t\t<div class=\"elementor-container elementor-column-gap-default\">\n\t\t\t\t\t<div class=\"elementor-column elementor-col-100 elementor-top-column elementor-element elementor-element-e2e30a6\" data-id=\"e2e30a6\" data-element_type=\"column\" data-e-type=\"column\">\n\t\t\t<div class=\"elementor-widget-wrap elementor-element-populated\">\n\t\t\t\t\t\t<section class=\"elementor-section elementor-inner-section elementor-element elementor-element-54b6fa2 elementor-section-boxed elementor-section-height-default elementor-section-height-default\" data-id=\"54b6fa2\" data-element_type=\"section\" data-e-type=\"section\">\n\t\t\t\t\t\t<div class=\"elementor-container elementor-column-gap-default\">\n\t\t\t\t\t<div class=\"elementor-column elementor-col-33 elementor-inner-column elementor-element elementor-element-8a534e8\" data-id=\"8a534e8\" data-element_type=\"column\" data-e-type=\"column\">\n\t\t\t<div class=\"elementor-widget-wrap elementor-element-populated\">\n\t\t\t\t\t\t<div class=\"elementor-element elementor-element-e631f87 elementor-widget-divider--view-line elementor-widget elementor-widget-divider\" data-id=\"e631f87\" data-element_type=\"widget\" data-e-type=\"widget\" data-widget_type=\"divider.default\">\n\t\t\t\t<div class=\"elementor-widget-container\">\n\t\t\t\t\t\t\t<div class=\"elementor-divider\">\n\t\t\t<span class=\"elementor-divider-separator\">\n\t\t\t\t\t\t<\/span>\n\t\t<\/div>\n\t\t\t\t\t\t<\/div>\n\t\t\t\t<\/div>\n\t\t\t\t\t<\/div>\n\t\t<\/div>\n\t\t\t\t<div class=\"elementor-column elementor-col-33 elementor-inner-column elementor-element elementor-element-13bfcef\" data-id=\"13bfcef\" data-element_type=\"column\" data-e-type=\"column\">\n\t\t\t<div class=\"elementor-widget-wrap elementor-element-populated\">\n\t\t\t\t\t\t<div class=\"elementor-element elementor-element-47350b6 premium-mask-yes premium-mask-tb premium-header-inline premium-lq__none premium-box-lq__none elementor-widget elementor-widget-premium-addon-dual-header\" data-id=\"47350b6\" data-element_type=\"widget\" data-e-type=\"widget\" data-widget_type=\"premium-addon-dual-header.default\">\n\t\t\t\t\t\n\t\t<div class=\"elementor-widget-container\">\n\t\t\t\t\t<h1 class=\"premium-dual-header-first-header  gradient\"><span class=\"premium-dual-header-first-span\">przygotowanie do triathlonu <\/span><span class=\"premium-dual-header-second-header \">zaj\u0119cia grupowe<\/span><\/h1> \t\t\t\t<\/div>\n\n\t\t\t\t\t\t<\/div>\n\t\t\t\t\t<\/div>\n\t\t<\/div>\n\t\t\t\t<div class=\"elementor-column elementor-col-33 elementor-inner-column elementor-element elementor-element-5f47f41\" data-id=\"5f47f41\" data-element_type=\"column\" data-e-type=\"column\">\n\t\t\t<div class=\"elementor-widget-wrap elementor-element-populated\">\n\t\t\t\t\t\t<div class=\"elementor-element elementor-element-0714c63 elementor-widget-divider--view-line elementor-widget elementor-widget-divider\" data-id=\"0714c63\" data-element_type=\"widget\" data-e-type=\"widget\" data-widget_type=\"divider.default\">\n\t\t\t\t<div class=\"elementor-widget-container\">\n\t\t\t\t\t\t\t<div class=\"elementor-divider\">\n\t\t\t<span class=\"elementor-divider-separator\">\n\t\t\t\t\t\t<\/span>\n\t\t<\/div>\n\t\t\t\t\t\t<\/div>\n\t\t\t\t<\/div>\n\t\t\t\t\t<\/div>\n\t\t<\/div>\n\t\t\t\t\t<\/div>\n\t\t<\/section>\n\t\t\t\t\t<\/div>\n\t\t<\/div>\n\t\t\t\t\t<\/div>\n\t\t<\/section>\n\t\t\t\t<section class=\"elementor-section elementor-top-section elementor-element elementor-element-397c56c elementor-section-boxed elementor-section-height-default elementor-section-height-default\" data-id=\"397c56c\" data-element_type=\"section\" data-e-type=\"section\">\n\t\t\t\t\t\t<div class=\"elementor-container elementor-column-gap-default\">\n\t\t\t\t\t<div class=\"elementor-column elementor-col-100 elementor-top-column elementor-element elementor-element-67cb681\" data-id=\"67cb681\" data-element_type=\"column\" data-e-type=\"column\">\n\t\t\t<div class=\"elementor-widget-wrap elementor-element-populated\">\n\t\t\t\t\t\t<div class=\"elementor-element elementor-element-a1247e7 elementor-widget elementor-widget-heading\" data-id=\"a1247e7\" data-element_type=\"widget\" data-e-type=\"widget\" data-widget_type=\"heading.default\">\n\t\t\t\t<div class=\"elementor-widget-container\">\n\t\t\t\t\t<h2 class=\"elementor-heading-title elementor-size-default\">Grupa jest w trakcie tworzenia<\/h2>\t\t\t\t<\/div>\n\t\t\t\t<\/div>\n\t\t\t\t\t<\/div>\n\t\t<\/div>\n\t\t\t\t\t<\/div>\n\t\t<\/section>\n\t\t\t\t<section class=\"elementor-section elementor-top-section elementor-element elementor-element-ec5cb6e elementor-section-boxed elementor-section-height-default elementor-section-height-default\" data-id=\"ec5cb6e\" data-element_type=\"section\" data-e-type=\"section\">\n\t\t\t\t\t\t<div class=\"elementor-container elementor-column-gap-default\">\n\t\t\t\t\t<div class=\"elementor-column elementor-col-100 elementor-top-column elementor-element elementor-element-43896ca\" data-id=\"43896ca\" data-element_type=\"column\" data-e-type=\"column\">\n\t\t\t<div class=\"elementor-widget-wrap elementor-element-populated\">\n\t\t\t\t\t\t<div class=\"elementor-element elementor-element-efefe3f elementor-widget elementor-widget-text-editor\" data-id=\"efefe3f\" data-element_type=\"widget\" data-e-type=\"widget\" data-widget_type=\"text-editor.default\">\n\t\t\t\t<div class=\"elementor-widget-container\">\n\t\t\t\t\t\t\t\t\t<div>Prosimy o kontakt ch\u0119tne osoby do nauki p\u0142ywania do instruktora Oskara pod numerem 510 077 628<\/div>\t\t\t\t\t\t\t\t<\/div>\n\t\t\t\t<\/div>\n\t\t\t\t\t<\/div>\n\t\t<\/div>\n\t\t\t\t\t<\/div>\n\t\t<\/section>\n\t\t\t\t<section class=\"elementor-section elementor-top-section elementor-element elementor-element-2d5227e elementor-section-full_width elementor-section-content-top elementor-section-height-default elementor-section-height-default\" data-id=\"2d5227e\" data-element_type=\"section\" data-e-type=\"section\">\n\t\t\t\t\t\t<div class=\"elementor-container elementor-column-gap-default\">\n\t\t\t\t\t<div class=\"elementor-column elementor-col-100 elementor-top-column elementor-element elementor-element-6034325\" data-id=\"6034325\" data-element_type=\"column\" data-e-type=\"column\">\n\t\t\t<div class=\"elementor-widget-wrap elementor-element-populated\">\n\t\t\t\t\t\t<div class=\"elementor-element elementor-element-6f88b5c elementor-widget__width-initial elementor-widget elementor-widget-image\" data-id=\"6f88b5c\" data-element_type=\"widget\" data-e-type=\"widget\" data-widget_type=\"image.default\">\n\t\t\t\t<div class=\"elementor-widget-container\">\n\t\t\t\t\t\t\t\t\t\t\t\t\t\t\t<img fetchpriority=\"high\" decoding=\"async\" width=\"1810\" height=\"2560\" src=\"https:\/\/basen.js-jarocin.pl\/wp-content\/uploads\/2022\/12\/plakat_a2-jarocin_sport-3-scaled.jpg\" class=\"attachment-full size-full wp-image-1984\" alt=\"\" srcset=\"https:\/\/basen.js-jarocin.pl\/wp-content\/uploads\/2022\/12\/plakat_a2-jarocin_sport-3-scaled.jpg 1810w, https:\/\/basen.js-jarocin.pl\/wp-content\/uploads\/2022\/12\/plakat_a2-jarocin_sport-3-212x300.jpg 212w, https:\/\/basen.js-jarocin.pl\/wp-content\/uploads\/2022\/12\/plakat_a2-jarocin_sport-3-724x1024.jpg 724w, https:\/\/basen.js-jarocin.pl\/wp-content\/uploads\/2022\/12\/plakat_a2-jarocin_sport-3-768x1086.jpg 768w, https:\/\/basen.js-jarocin.pl\/wp-content\/uploads\/2022\/12\/plakat_a2-jarocin_sport-3-1086x1536.jpg 1086w, https:\/\/basen.js-jarocin.pl\/wp-content\/uploads\/2022\/12\/plakat_a2-jarocin_sport-3-1448x2048.jpg 1448w\" sizes=\"(max-width: 1810px) 100vw, 1810px\" \/>\t\t\t\t\t\t\t\t\t\t\t\t\t\t\t<\/div>\n\t\t\t\t<\/div>\n\t\t\t\t\t<\/div>\n\t\t<\/div>\n\t\t\t\t\t<\/div>\n\t\t<\/section>\n\t\t\t\t<\/div>\n\t\t","protected":false},"excerpt":{"rendered":"<p>przygotowanie do triathlonu zaj\u0119cia grupowe Grupa jest w trakcie tworzenia Prosimy o kontakt ch\u0119tne osoby do nauki p\u0142ywania do instruktora Oskara pod numerem 510 077 628<\/p>\n","protected":false},"author":2,"featured_media":0,"parent":51,"menu_order":3,"comment_status":"closed","ping_status":"closed","template":"","meta":{"site-sidebar-layout":"no-sidebar","site-content-layout":"page-builder","ast-site-content-layout":"full-width-container","site-content-style":"unboxed","site-sidebar-style":"unboxed","ast-global-header-display":"","ast-banner-title-visibility":"","ast-main-header-display":"","ast-hfb-above-header-display":"","ast-hfb-below-header-display":"","ast-hfb-mobile-header-display":"","site-post-title":"disabled","ast-breadcrumbs-content":"","ast-featured-img":"disabled","footer-sml-layout":"","ast-disable-related-posts":"","theme-transparent-header-meta":"","adv-header-id-meta":"","stick-header-meta":"","header-above-stick-meta":"","header-main-stick-meta":"","header-below-stick-meta":"","astra-migrate-meta-layouts":"set","ast-page-background-enabled":"default","ast-page-background-meta":{"desktop":{"background-color":"var(--ast-global-color-4)","background-image":"","background-repeat":"repeat","background-position":"center center","background-size":"auto","background-attachment":"scroll","background-type":"","background-media":"","overlay-type":"","overlay-color":"","overlay-opacity":"","overlay-gradient":""},"tablet":{"background-color":"","background-image":"","background-repeat":"repeat","background-position":"center center","background-size":"auto","background-attachment":"scroll","background-type":"","background-media":"","overlay-type":"","overlay-color":"","overlay-opacity":"","overlay-gradient":""},"mobile":{"background-color":"","background-image":"","background-repeat":"repeat","background-position":"center center","background-size":"auto","background-attachment":"scroll","background-type":"","background-media":"","overlay-type":"","overlay-color":"","overlay-opacity":"","overlay-gradient":""}},"ast-content-background-meta":{"desktop":{"background-color":"var(--ast-global-color-5)","background-image":"","background-repeat":"repeat","background-position":"center center","background-size":"auto","background-attachment":"scroll","background-type":"","background-media":"","overlay-type":"","overlay-color":"","overlay-opacity":"","overlay-gradient":""},"tablet":{"background-color":"var(--ast-global-color-5)","background-image":"","background-repeat":"repeat","background-position":"center center","background-size":"auto","background-attachment":"scroll","background-type":"","background-media":"","overlay-type":"","overlay-color":"","overlay-opacity":"","overlay-gradient":""},"mobile":{"background-color":"var(--ast-global-color-5)","background-image":"","background-repeat":"repeat","background-position":"center center","background-size":"auto","background-attachment":"scroll","background-type":"","background-media":"","overlay-type":"","overlay-color":"","overlay-opacity":"","overlay-gradient":""}},"footnotes":""},"class_list":["post-59","page","type-page","status-publish","hentry"],"yoast_head":"<!-- This site is optimized with the Yoast SEO plugin v27.4 - https:\/\/yoast.com\/product\/yoast-seo-wordpress\/ -->\n<title>Triathlon - Aquapark Jarocin<\/title>\n<meta name=\"robots\" content=\"index, follow, max-snippet:-1, max-image-preview:large, max-video-preview:-1\" \/>\n<link rel=\"canonical\" href=\"https:\/\/basen.js-jarocin.pl\/index.php\/nauka-plywania\/triathlon\/\" \/>\n<meta property=\"og:locale\" content=\"pl_PL\" \/>\n<meta property=\"og:type\" content=\"article\" \/>\n<meta property=\"og:title\" content=\"Triathlon - Aquapark Jarocin\" \/>\n<meta property=\"og:description\" content=\"przygotowanie do triathlonu zaj\u0119cia grupowe Grupa jest w trakcie tworzenia Prosimy o kontakt ch\u0119tne osoby do nauki p\u0142ywania do instruktora Oskara pod numerem 510 077 628\" \/>\n<meta property=\"og:url\" content=\"https:\/\/basen.js-jarocin.pl\/index.php\/nauka-plywania\/triathlon\/\" \/>\n<meta property=\"og:site_name\" content=\"Aquapark Jarocin\" \/>\n<meta property=\"article:modified_time\" content=\"2024-04-26T10:18:50+00:00\" \/>\n<meta property=\"og:image\" content=\"https:\/\/basen.js-jarocin.pl\/wp-content\/uploads\/2022\/12\/plakat_a2-jarocin_sport-3-scaled.jpg\" \/>\n<meta name=\"twitter:card\" content=\"summary_large_image\" \/>\n<meta name=\"twitter:label1\" content=\"Szacowany czas czytania\" \/>\n\t<meta name=\"twitter:data1\" content=\"1 minuta\" \/>\n<script type=\"application\/ld+json\" class=\"yoast-schema-graph\">{\"@context\":\"https:\\\/\\\/schema.org\",\"@graph\":[{\"@type\":\"WebPage\",\"@id\":\"https:\\\/\\\/basen.js-jarocin.pl\\\/index.php\\\/nauka-plywania\\\/triathlon\\\/\",\"url\":\"https:\\\/\\\/basen.js-jarocin.pl\\\/index.php\\\/nauka-plywania\\\/triathlon\\\/\",\"name\":\"Triathlon - Aquapark Jarocin\",\"isPartOf\":{\"@id\":\"https:\\\/\\\/basen.js-jarocin.pl\\\/#website\"},\"primaryImageOfPage\":{\"@id\":\"https:\\\/\\\/basen.js-jarocin.pl\\\/index.php\\\/nauka-plywania\\\/triathlon\\\/#primaryimage\"},\"image\":{\"@id\":\"https:\\\/\\\/basen.js-jarocin.pl\\\/index.php\\\/nauka-plywania\\\/triathlon\\\/#primaryimage\"},\"thumbnailUrl\":\"https:\\\/\\\/basen.js-jarocin.pl\\\/wp-content\\\/uploads\\\/2022\\\/12\\\/plakat_a2-jarocin_sport-3-scaled.jpg\",\"datePublished\":\"2022-08-16T10:52:03+00:00\",\"dateModified\":\"2024-04-26T10:18:50+00:00\",\"breadcrumb\":{\"@id\":\"https:\\\/\\\/basen.js-jarocin.pl\\\/index.php\\\/nauka-plywania\\\/triathlon\\\/#breadcrumb\"},\"inLanguage\":\"pl-PL\",\"potentialAction\":[{\"@type\":\"ReadAction\",\"target\":[\"https:\\\/\\\/basen.js-jarocin.pl\\\/index.php\\\/nauka-plywania\\\/triathlon\\\/\"]}]},{\"@type\":\"ImageObject\",\"inLanguage\":\"pl-PL\",\"@id\":\"https:\\\/\\\/basen.js-jarocin.pl\\\/index.php\\\/nauka-plywania\\\/triathlon\\\/#primaryimage\",\"url\":\"https:\\\/\\\/basen.js-jarocin.pl\\\/wp-content\\\/uploads\\\/2022\\\/12\\\/plakat_a2-jarocin_sport-3-scaled.jpg\",\"contentUrl\":\"https:\\\/\\\/basen.js-jarocin.pl\\\/wp-content\\\/uploads\\\/2022\\\/12\\\/plakat_a2-jarocin_sport-3-scaled.jpg\",\"width\":1810,\"height\":2560},{\"@type\":\"BreadcrumbList\",\"@id\":\"https:\\\/\\\/basen.js-jarocin.pl\\\/index.php\\\/nauka-plywania\\\/triathlon\\\/#breadcrumb\",\"itemListElement\":[{\"@type\":\"ListItem\",\"position\":1,\"name\":\"Home\",\"item\":\"https:\\\/\\\/basen.js-jarocin.pl\\\/\"},{\"@type\":\"ListItem\",\"position\":2,\"name\":\"Nauka p\u0142ywania\",\"item\":\"https:\\\/\\\/basen.js-jarocin.pl\\\/index.php\\\/nauka-plywania\\\/\"},{\"@type\":\"ListItem\",\"position\":3,\"name\":\"Triathlon\"}]},{\"@type\":\"WebSite\",\"@id\":\"https:\\\/\\\/basen.js-jarocin.pl\\\/#website\",\"url\":\"https:\\\/\\\/basen.js-jarocin.pl\\\/\",\"name\":\"Aquapark Jarocin\",\"description\":\"\",\"potentialAction\":[{\"@type\":\"SearchAction\",\"target\":{\"@type\":\"EntryPoint\",\"urlTemplate\":\"https:\\\/\\\/basen.js-jarocin.pl\\\/?s={search_term_string}\"},\"query-input\":{\"@type\":\"PropertyValueSpecification\",\"valueRequired\":true,\"valueName\":\"search_term_string\"}}],\"inLanguage\":\"pl-PL\"}]}<\/script>\n<!-- \/ Yoast SEO plugin. -->","yoast_head_json":{"title":"Triathlon - Aquapark Jarocin","robots":{"index":"index","follow":"follow","max-snippet":"max-snippet:-1","max-image-preview":"max-image-preview:large","max-video-preview":"max-video-preview:-1"},"canonical":"https:\/\/basen.js-jarocin.pl\/index.php\/nauka-plywania\/triathlon\/","og_locale":"pl_PL","og_type":"article","og_title":"Triathlon - Aquapark Jarocin","og_description":"przygotowanie do triathlonu zaj\u0119cia grupowe Grupa jest w trakcie tworzenia Prosimy o kontakt ch\u0119tne osoby do nauki p\u0142ywania do instruktora Oskara pod numerem 510 077 628","og_url":"https:\/\/basen.js-jarocin.pl\/index.php\/nauka-plywania\/triathlon\/","og_site_name":"Aquapark Jarocin","article_modified_time":"2024-04-26T10:18:50+00:00","og_image":[{"url":"https:\/\/basen.js-jarocin.pl\/wp-content\/uploads\/2022\/12\/plakat_a2-jarocin_sport-3-scaled.jpg","type":"","width":"","height":""}],"twitter_card":"summary_large_image","twitter_misc":{"Szacowany czas czytania":"1 minuta"},"schema":{"@context":"https:\/\/schema.org","@graph":[{"@type":"WebPage","@id":"https:\/\/basen.js-jarocin.pl\/index.php\/nauka-plywania\/triathlon\/","url":"https:\/\/basen.js-jarocin.pl\/index.php\/nauka-plywania\/triathlon\/","name":"Triathlon - Aquapark Jarocin","isPartOf":{"@id":"https:\/\/basen.js-jarocin.pl\/#website"},"primaryImageOfPage":{"@id":"https:\/\/basen.js-jarocin.pl\/index.php\/nauka-plywania\/triathlon\/#primaryimage"},"image":{"@id":"https:\/\/basen.js-jarocin.pl\/index.php\/nauka-plywania\/triathlon\/#primaryimage"},"thumbnailUrl":"https:\/\/basen.js-jarocin.pl\/wp-content\/uploads\/2022\/12\/plakat_a2-jarocin_sport-3-scaled.jpg","datePublished":"2022-08-16T10:52:03+00:00","dateModified":"2024-04-26T10:18:50+00:00","breadcrumb":{"@id":"https:\/\/basen.js-jarocin.pl\/index.php\/nauka-plywania\/triathlon\/#breadcrumb"},"inLanguage":"pl-PL","potentialAction":[{"@type":"ReadAction","target":["https:\/\/basen.js-jarocin.pl\/index.php\/nauka-plywania\/triathlon\/"]}]},{"@type":"ImageObject","inLanguage":"pl-PL","@id":"https:\/\/basen.js-jarocin.pl\/index.php\/nauka-plywania\/triathlon\/#primaryimage","url":"https:\/\/basen.js-jarocin.pl\/wp-content\/uploads\/2022\/12\/plakat_a2-jarocin_sport-3-scaled.jpg","contentUrl":"https:\/\/basen.js-jarocin.pl\/wp-content\/uploads\/2022\/12\/plakat_a2-jarocin_sport-3-scaled.jpg","width":1810,"height":2560},{"@type":"BreadcrumbList","@id":"https:\/\/basen.js-jarocin.pl\/index.php\/nauka-plywania\/triathlon\/#breadcrumb","itemListElement":[{"@type":"ListItem","position":1,"name":"Home","item":"https:\/\/basen.js-jarocin.pl\/"},{"@type":"ListItem","position":2,"name":"Nauka p\u0142ywania","item":"https:\/\/basen.js-jarocin.pl\/index.php\/nauka-plywania\/"},{"@type":"ListItem","position":3,"name":"Triathlon"}]},{"@type":"WebSite","@id":"https:\/\/basen.js-jarocin.pl\/#website","url":"https:\/\/basen.js-jarocin.pl\/","name":"Aquapark Jarocin","description":"","potentialAction":[{"@type":"SearchAction","target":{"@type":"EntryPoint","urlTemplate":"https:\/\/basen.js-jarocin.pl\/?s={search_term_string}"},"query-input":{"@type":"PropertyValueSpecification","valueRequired":true,"valueName":"search_term_string"}}],"inLanguage":"pl-PL"}]}},"rttpg_featured_image_url":null,"rttpg_author":{"display_name":"serwis","author_link":"https:\/\/basen.js-jarocin.pl\/index.php\/author\/serwis\/"},"rttpg_comment":0,"rttpg_category":null,"rttpg_excerpt":"przygotowanie do triathlonu zaj\u0119cia grupowe Grupa jest w trakcie tworzenia Prosimy o kontakt ch\u0119tne osoby do nauki p\u0142ywania do instruktora Oskara pod numerem 510 077 628","_links":{"self":[{"href":"https:\/\/basen.js-jarocin.pl\/index.php\/wp-json\/wp\/v2\/pages\/59","targetHints":{"allow":["GET"]}}],"collection":[{"href":"https:\/\/basen.js-jarocin.pl\/index.php\/wp-json\/wp\/v2\/pages"}],"about":[{"href":"https:\/\/basen.js-jarocin.pl\/index.php\/wp-json\/wp\/v2\/types\/page"}],"author":[{"embeddable":true,"href":"https:\/\/basen.js-jarocin.pl\/index.php\/wp-json\/wp\/v2\/users\/2"}],"replies":[{"embeddable":true,"href":"https:\/\/basen.js-jarocin.pl\/index.php\/wp-json\/wp\/v2\/comments?post=59"}],"version-history":[{"count":18,"href":"https:\/\/basen.js-jarocin.pl\/index.php\/wp-json\/wp\/v2\/pages\/59\/revisions"}],"predecessor-version":[{"id":6008,"href":"https:\/\/basen.js-jarocin.pl\/index.php\/wp-json\/wp\/v2\/pages\/59\/revisions\/6008"}],"up":[{"embeddable":true,"href":"https:\/\/basen.js-jarocin.pl\/index.php\/wp-json\/wp\/v2\/pages\/51"}],"wp:attachment":[{"href":"https:\/\/basen.js-jarocin.pl\/index.php\/wp-json\/wp\/v2\/media?parent=59"}],"curies":[{"name":"wp","href":"https:\/\/api.w.org\/{rel}","templated":true}]}}