{"id":430,"date":"2022-09-12T14:27:48","date_gmt":"2022-09-12T12:27:48","guid":{"rendered":"http:\/\/info-omer.home.pl\/autoinstalator\/wordpressplugins21\/?page_id=430"},"modified":"2024-04-23T13:29:49","modified_gmt":"2024-04-23T11:29:49","slug":"solarium","status":"publish","type":"page","link":"https:\/\/basen.js-jarocin.pl\/index.php\/solarium\/","title":{"rendered":"Solarium"},"content":{"rendered":"\t\t<div data-elementor-type=\"wp-page\" data-elementor-id=\"430\" class=\"elementor elementor-430\">\n\t\t\t\t\t\t<section class=\"elementor-section elementor-top-section elementor-element elementor-element-bd6140a elementor-section-boxed elementor-section-height-default elementor-section-height-default\" data-id=\"bd6140a\" data-element_type=\"section\" data-e-type=\"section\" data-settings=\"{&quot;background_background&quot;:&quot;classic&quot;}\">\n\t\t\t\t\t\t<div class=\"elementor-container elementor-column-gap-default\">\n\t\t\t\t\t<div class=\"elementor-column elementor-col-100 elementor-top-column elementor-element elementor-element-fb72832\" data-id=\"fb72832\" data-element_type=\"column\" data-e-type=\"column\">\n\t\t\t<div class=\"elementor-widget-wrap\">\n\t\t\t\t\t\t\t<\/div>\n\t\t<\/div>\n\t\t\t\t\t<\/div>\n\t\t<\/section>\n\t\t\t\t<section class=\"elementor-section elementor-top-section elementor-element elementor-element-abd75e8 elementor-section-full_width elementor-section-height-default elementor-section-height-default\" data-id=\"abd75e8\" data-element_type=\"section\" data-e-type=\"section\">\n\t\t\t\t\t\t<div class=\"elementor-container elementor-column-gap-no\">\n\t\t\t\t\t<div class=\"elementor-column elementor-col-100 elementor-top-column elementor-element elementor-element-3c578f7\" data-id=\"3c578f7\" data-element_type=\"column\" data-e-type=\"column\">\n\t\t\t<div class=\"elementor-widget-wrap elementor-element-populated\">\n\t\t\t\t\t\t<section class=\"elementor-section elementor-inner-section elementor-element elementor-element-bc29fae elementor-section-boxed elementor-section-height-default elementor-section-height-default\" data-id=\"bc29fae\" data-element_type=\"section\" data-e-type=\"section\" data-settings=\"{&quot;background_background&quot;:&quot;classic&quot;}\">\n\t\t\t\t\t\t<div class=\"elementor-container elementor-column-gap-default\">\n\t\t\t\t\t<div class=\"elementor-column elementor-col-33 elementor-inner-column elementor-element elementor-element-95f7aad\" data-id=\"95f7aad\" data-element_type=\"column\" data-e-type=\"column\">\n\t\t\t<div class=\"elementor-widget-wrap elementor-element-populated\">\n\t\t\t\t\t\t<div class=\"elementor-element elementor-element-28f2d60 elementor-widget-divider--view-line elementor-widget elementor-widget-divider\" data-id=\"28f2d60\" data-element_type=\"widget\" data-e-type=\"widget\" data-widget_type=\"divider.default\">\n\t\t\t\t<div class=\"elementor-widget-container\">\n\t\t\t\t\t\t\t<div class=\"elementor-divider\">\n\t\t\t<span class=\"elementor-divider-separator\">\n\t\t\t\t\t\t<\/span>\n\t\t<\/div>\n\t\t\t\t\t\t<\/div>\n\t\t\t\t<\/div>\n\t\t\t\t\t<\/div>\n\t\t<\/div>\n\t\t\t\t<div class=\"elementor-column elementor-col-33 elementor-inner-column elementor-element elementor-element-b7796c1\" data-id=\"b7796c1\" data-element_type=\"column\" data-e-type=\"column\">\n\t\t\t<div class=\"elementor-widget-wrap elementor-element-populated\">\n\t\t\t\t\t\t<div class=\"elementor-element elementor-element-b3c7851 premium-mask-yes premium-mask-tb premium-header-inline premium-lq__none premium-box-lq__none elementor-widget elementor-widget-premium-addon-dual-header\" data-id=\"b3c7851\" data-element_type=\"widget\" data-e-type=\"widget\" data-widget_type=\"premium-addon-dual-header.default\">\n\t\t\t\t\t\n\t\t<div class=\"elementor-widget-container\">\n\t\t<div class=\"premium-dual-header-wrapper\">\n\t\t\t\t\t<h1 class=\"premium-dual-header-first-header  gradient\"><span class=\"premium-dual-header-first-span\">SOLARIUM <\/span><span class=\"premium-dual-header-second-header \">2 \u0142\u00f3\u017cka Ergoline Turbo Power 600 Classic<\/span><\/h1> \t\t\t\t\t\t<\/div>\n\t\t<\/div>\n\n\t\t\t\t\t\t<\/div>\n\t\t\t\t\t<\/div>\n\t\t<\/div>\n\t\t\t\t<div class=\"elementor-column elementor-col-33 elementor-inner-column elementor-element elementor-element-c1aaceb\" data-id=\"c1aaceb\" data-element_type=\"column\" data-e-type=\"column\">\n\t\t\t<div class=\"elementor-widget-wrap elementor-element-populated\">\n\t\t\t\t\t\t<div class=\"elementor-element elementor-element-5a5d6f6 elementor-widget-divider--view-line elementor-widget elementor-widget-divider\" data-id=\"5a5d6f6\" data-element_type=\"widget\" data-e-type=\"widget\" data-widget_type=\"divider.default\">\n\t\t\t\t<div class=\"elementor-widget-container\">\n\t\t\t\t\t\t\t<div class=\"elementor-divider\">\n\t\t\t<span class=\"elementor-divider-separator\">\n\t\t\t\t\t\t<\/span>\n\t\t<\/div>\n\t\t\t\t\t\t<\/div>\n\t\t\t\t<\/div>\n\t\t\t\t\t<\/div>\n\t\t<\/div>\n\t\t\t\t\t<\/div>\n\t\t<\/section>\n\t\t\t\t\t<\/div>\n\t\t<\/div>\n\t\t\t\t\t<\/div>\n\t\t<\/section>\n\t\t\t\t<section class=\"elementor-section elementor-top-section elementor-element elementor-element-d92acc3 elementor-section-boxed elementor-section-height-default elementor-section-height-default\" data-id=\"d92acc3\" data-element_type=\"section\" data-e-type=\"section\" data-settings=\"{&quot;background_background&quot;:&quot;classic&quot;}\">\n\t\t\t\t\t\t\t<div class=\"elementor-background-overlay\"><\/div>\n\t\t\t\t\t\t\t<div class=\"elementor-container elementor-column-gap-default\">\n\t\t\t\t\t<div class=\"elementor-column elementor-col-100 elementor-top-column elementor-element elementor-element-1321f8e\" data-id=\"1321f8e\" data-element_type=\"column\" data-e-type=\"column\">\n\t\t\t<div class=\"elementor-widget-wrap elementor-element-populated\">\n\t\t\t\t\t\t<div class=\"elementor-element elementor-element-32cc4e8 animated-slow elementor-invisible elementor-widget elementor-widget-text-editor\" data-id=\"32cc4e8\" data-element_type=\"widget\" data-e-type=\"widget\" data-settings=\"{&quot;_animation&quot;:&quot;fadeInLeft&quot;}\" data-widget_type=\"text-editor.default\">\n\t\t\t\t<div class=\"elementor-widget-container\">\n\t\t\t\t\t\t\t\t\t<h1 style=\"text-align: center;\"><strong>UWAGA !\u00a0<\/strong><\/h1><p style=\"text-align: center;\">Prosimy pami\u0119ta\u0107, i\u017c z solarium mo\u017ce skorzysta\u0107 tylko osoba pe\u0142noletnia. Zakaz udost\u0119pniania solarium osobom, kt\u00f3re nie uko\u0144czy\u0142y 18 roku \u017cycia.<br \/>(art. 5 ust. 1 USTAWY Z DNIA 15 WRZE\u015aNIA 2017 R. O OCHRONIE ZDROWIA PRZED NAST\u0118PSTWAMI KORZYSTANIA Z SOLARIUM)<\/p>\t\t\t\t\t\t\t\t<\/div>\n\t\t\t\t<\/div>\n\t\t\t\t\t<\/div>\n\t\t<\/div>\n\t\t\t\t\t<\/div>\n\t\t<\/section>\n\t\t\t\t<section class=\"elementor-section elementor-top-section elementor-element elementor-element-6d944317 elementor-section-full_width elementor-section-height-default elementor-section-height-default\" data-id=\"6d944317\" data-element_type=\"section\" data-e-type=\"section\" data-settings=\"{&quot;background_background&quot;:&quot;classic&quot;}\">\n\t\t\t\t\t\t<div class=\"elementor-container elementor-column-gap-default\">\n\t\t\t\t\t<div class=\"elementor-column elementor-col-50 elementor-top-column elementor-element elementor-element-29f8e1ee\" data-id=\"29f8e1ee\" data-element_type=\"column\" data-e-type=\"column\" data-settings=\"{&quot;background_background&quot;:&quot;classic&quot;}\">\n\t\t\t<div class=\"elementor-widget-wrap elementor-element-populated\">\n\t\t\t\t\t<div class=\"elementor-background-overlay\"><\/div>\n\t\t\t\t\t\t<div class=\"elementor-element elementor-element-6a1424b elementor-widget elementor-widget-heading\" data-id=\"6a1424b\" data-element_type=\"widget\" data-e-type=\"widget\" data-widget_type=\"heading.default\">\n\t\t\t\t<div class=\"elementor-widget-container\">\n\t\t\t\t\t<h2 class=\"elementor-heading-title elementor-size-default\">Zach\u0119camy do skorzystania z solarium Jarocin sport - samoobs\u0142uga<\/h2>\t\t\t\t<\/div>\n\t\t\t\t<\/div>\n\t\t\t\t<div class=\"elementor-element elementor-element-4b46f096 elementor-widget__width-initial elementor-widget elementor-widget-text-editor\" data-id=\"4b46f096\" data-element_type=\"widget\" data-e-type=\"widget\" data-widget_type=\"text-editor.default\">\n\t\t\t\t<div class=\"elementor-widget-container\">\n\t\t\t\t\t\t\t\t\t<div>Z kompleksu solari\u00f3w skorzysta\u0107 mo\u017cna bez konieczno\u015bci zakupu biletu na Aquapark czy rezerwacji godziny. Zakupu minut umo\u017cliwiaj\u0105cych korzystanie z solarium dokona\u0107 mo\u017cna w recepcji Aquaparku kart\u0105 b\u0105d\u017a got\u00f3wk\u0105. Obowi\u0105zuje samoobs\u0142uga.<\/div><div>\u00a0<\/div><ul><li><strong>2,00 z\u0142 \/ 1 minuta<\/strong><\/li><li><strong>solarium samoobs\u0142ugowe &#8211;<\/strong> prosimy dezynfekowa\u0107 \u0142\u00f3\u017cko zar\u00f3wno przed jak i po opalaniu<\/li><\/ul><div>Zapraszamy codziennie w godzinach otwarcia Aquaparku.<\/div><div>\u00a0<\/div><div>POLECAMY KOSMETYKI DO OPALANIA, kt\u00f3re mo\u017cna naby\u0107 w recepcji Aquaparku, r\u00f3wnie\u017c p\u0142atki czy p\u0142yn do demakija\u017cu dost\u0119pny przy kasie.<\/div>\t\t\t\t\t\t\t\t<\/div>\n\t\t\t\t<\/div>\n\t\t\t\t\t<\/div>\n\t\t<\/div>\n\t\t\t\t<div class=\"elementor-column elementor-col-50 elementor-top-column elementor-element elementor-element-7b23d10\" data-id=\"7b23d10\" data-element_type=\"column\" data-e-type=\"column\" data-settings=\"{&quot;background_background&quot;:&quot;classic&quot;}\">\n\t\t\t<div class=\"elementor-widget-wrap\">\n\t\t\t\t\t<div class=\"elementor-background-overlay\"><\/div>\n\t\t\t\t\t\t\t<\/div>\n\t\t<\/div>\n\t\t\t\t\t<\/div>\n\t\t<\/section>\n\t\t\t\t<section class=\"elementor-section elementor-top-section elementor-element elementor-element-9f86d07 elementor-section-boxed elementor-section-height-default elementor-section-height-default\" data-id=\"9f86d07\" data-element_type=\"section\" data-e-type=\"section\" data-settings=\"{&quot;background_background&quot;:&quot;classic&quot;}\">\n\t\t\t\t\t\t<div class=\"elementor-container elementor-column-gap-default\">\n\t\t\t\t\t<div class=\"elementor-column elementor-col-100 elementor-top-column elementor-element elementor-element-382c0c4\" data-id=\"382c0c4\" data-element_type=\"column\" data-e-type=\"column\">\n\t\t\t<div class=\"elementor-widget-wrap elementor-element-populated\">\n\t\t\t\t\t\t<div class=\"elementor-element elementor-element-903e787 elementor-widget elementor-widget-heading\" data-id=\"903e787\" data-element_type=\"widget\" data-e-type=\"widget\" data-widget_type=\"heading.default\">\n\t\t\t\t<div class=\"elementor-widget-container\">\n\t\t\t\t\t<h2 class=\"elementor-heading-title elementor-size-default\"><br>Zapraszamy do skorzystania z oferty - 100 minut solarium za 150 z\u0142, oszcz\u0119dzasz 50 z\u0142 !!!!\nwa\u017cno\u015b\u0107 karnetu 6 miesi\u0119cy<\/h2>\t\t\t\t<\/div>\n\t\t\t\t<\/div>\n\t\t\t\t<div class=\"elementor-element elementor-element-0382e85 elementor-widget elementor-widget-image\" data-id=\"0382e85\" data-element_type=\"widget\" data-e-type=\"widget\" data-widget_type=\"image.default\">\n\t\t\t\t<div class=\"elementor-widget-container\">\n\t\t\t\t\t\t\t\t\t\t\t\t\t\t\t<img fetchpriority=\"high\" decoding=\"async\" width=\"1024\" height=\"795\" src=\"https:\/\/basen.js-jarocin.pl\/wp-content\/uploads\/2024\/01\/002105-jarocin-sport-karnet-solarium-01-2024-1024x795.jpg\" class=\"attachment-large size-large wp-image-4437\" alt=\"\" srcset=\"https:\/\/basen.js-jarocin.pl\/wp-content\/uploads\/2024\/01\/002105-jarocin-sport-karnet-solarium-01-2024-1024x795.jpg 1024w, https:\/\/basen.js-jarocin.pl\/wp-content\/uploads\/2024\/01\/002105-jarocin-sport-karnet-solarium-01-2024-300x233.jpg 300w, https:\/\/basen.js-jarocin.pl\/wp-content\/uploads\/2024\/01\/002105-jarocin-sport-karnet-solarium-01-2024-768x596.jpg 768w, https:\/\/basen.js-jarocin.pl\/wp-content\/uploads\/2024\/01\/002105-jarocin-sport-karnet-solarium-01-2024.jpg 1321w\" sizes=\"(max-width: 1024px) 100vw, 1024px\" \/>\t\t\t\t\t\t\t\t\t\t\t\t\t\t\t<\/div>\n\t\t\t\t<\/div>\n\t\t\t\t\t<\/div>\n\t\t<\/div>\n\t\t\t\t\t<\/div>\n\t\t<\/section>\n\t\t\t\t<\/div>\n\t\t","protected":false},"excerpt":{"rendered":"<p>SOLARIUM 2 \u0142\u00f3\u017cka Ergoline Turbo Power 600 Classic UWAGA !\u00a0 Prosimy pami\u0119ta\u0107, i\u017c z solarium mo\u017ce skorzysta\u0107 tylko osoba pe\u0142noletnia. Zakaz udost\u0119pniania solarium osobom, kt\u00f3re nie uko\u0144czy\u0142y 18 roku \u017cycia.(art. 5 ust. 1 USTAWY Z DNIA 15 WRZE\u015aNIA 2017 R. O OCHRONIE ZDROWIA PRZED NAST\u0118PSTWAMI KORZYSTANIA Z SOLARIUM) Zach\u0119camy do skorzystania z solarium Jarocin sport [&hellip;]<\/p>\n","protected":false},"author":2,"featured_media":0,"parent":0,"menu_order":0,"comment_status":"closed","ping_status":"closed","template":"","meta":{"site-sidebar-layout":"no-sidebar","site-content-layout":"page-builder","ast-site-content-layout":"full-width-container","site-content-style":"unboxed","site-sidebar-style":"unboxed","ast-global-header-display":"","ast-banner-title-visibility":"","ast-main-header-display":"","ast-hfb-above-header-display":"","ast-hfb-below-header-display":"","ast-hfb-mobile-header-display":"","site-post-title":"disabled","ast-breadcrumbs-content":"","ast-featured-img":"disabled","footer-sml-layout":"","ast-disable-related-posts":"","theme-transparent-header-meta":"","adv-header-id-meta":"","stick-header-meta":"","header-above-stick-meta":"","header-main-stick-meta":"","header-below-stick-meta":"","astra-migrate-meta-layouts":"set","ast-page-background-enabled":"default","ast-page-background-meta":{"desktop":{"background-color":"var(--ast-global-color-4)","background-image":"","background-repeat":"repeat","background-position":"center center","background-size":"auto","background-attachment":"scroll","background-type":"","background-media":"","overlay-type":"","overlay-color":"","overlay-opacity":"","overlay-gradient":""},"tablet":{"background-color":"","background-image":"","background-repeat":"repeat","background-position":"center center","background-size":"auto","background-attachment":"scroll","background-type":"","background-media":"","overlay-type":"","overlay-color":"","overlay-opacity":"","overlay-gradient":""},"mobile":{"background-color":"","background-image":"","background-repeat":"repeat","background-position":"center center","background-size":"auto","background-attachment":"scroll","background-type":"","background-media":"","overlay-type":"","overlay-color":"","overlay-opacity":"","overlay-gradient":""}},"ast-content-background-meta":{"desktop":{"background-color":"var(--ast-global-color-5)","background-image":"","background-repeat":"repeat","background-position":"center center","background-size":"auto","background-attachment":"scroll","background-type":"","background-media":"","overlay-type":"","overlay-color":"","overlay-opacity":"","overlay-gradient":""},"tablet":{"background-color":"var(--ast-global-color-5)","background-image":"","background-repeat":"repeat","background-position":"center center","background-size":"auto","background-attachment":"scroll","background-type":"","background-media":"","overlay-type":"","overlay-color":"","overlay-opacity":"","overlay-gradient":""},"mobile":{"background-color":"var(--ast-global-color-5)","background-image":"","background-repeat":"repeat","background-position":"center center","background-size":"auto","background-attachment":"scroll","background-type":"","background-media":"","overlay-type":"","overlay-color":"","overlay-opacity":"","overlay-gradient":""}},"footnotes":""},"class_list":["post-430","page","type-page","status-publish","hentry"],"yoast_head":"<!-- This site is optimized with the Yoast SEO plugin v27.6 - https:\/\/yoast.com\/product\/yoast-seo-wordpress\/ -->\n<title>Solarium - Aquapark Jarocin<\/title>\n<meta name=\"robots\" content=\"index, follow, max-snippet:-1, max-image-preview:large, max-video-preview:-1\" \/>\n<link rel=\"canonical\" href=\"https:\/\/basen.js-jarocin.pl\/index.php\/solarium\/\" \/>\n<meta property=\"og:locale\" content=\"pl_PL\" \/>\n<meta property=\"og:type\" content=\"article\" \/>\n<meta property=\"og:title\" content=\"Solarium - Aquapark Jarocin\" \/>\n<meta property=\"og:description\" content=\"SOLARIUM 2 \u0142\u00f3\u017cka Ergoline Turbo Power 600 Classic UWAGA !\u00a0 Prosimy pami\u0119ta\u0107, i\u017c z solarium mo\u017ce skorzysta\u0107 tylko osoba pe\u0142noletnia. Zakaz udost\u0119pniania solarium osobom, kt\u00f3re nie uko\u0144czy\u0142y 18 roku \u017cycia.(art. 5 ust. 1 USTAWY Z DNIA 15 WRZE\u015aNIA 2017 R. O OCHRONIE ZDROWIA PRZED NAST\u0118PSTWAMI KORZYSTANIA Z SOLARIUM) Zach\u0119camy do skorzystania z solarium Jarocin sport [&hellip;]\" \/>\n<meta property=\"og:url\" content=\"https:\/\/basen.js-jarocin.pl\/index.php\/solarium\/\" \/>\n<meta property=\"og:site_name\" content=\"Aquapark Jarocin\" \/>\n<meta property=\"article:modified_time\" content=\"2024-04-23T11:29:49+00:00\" \/>\n<meta property=\"og:image\" content=\"https:\/\/basen.js-jarocin.pl\/wp-content\/uploads\/2024\/01\/002105-jarocin-sport-karnet-solarium-01-2024-1024x795.jpg\" \/>\n<meta name=\"twitter:card\" content=\"summary_large_image\" \/>\n<meta name=\"twitter:label1\" content=\"Szacowany czas czytania\" \/>\n\t<meta name=\"twitter:data1\" content=\"2 minuty\" \/>\n<script type=\"application\/ld+json\" class=\"yoast-schema-graph\">{\"@context\":\"https:\\\/\\\/schema.org\",\"@graph\":[{\"@type\":\"WebPage\",\"@id\":\"https:\\\/\\\/basen.js-jarocin.pl\\\/index.php\\\/solarium\\\/\",\"url\":\"https:\\\/\\\/basen.js-jarocin.pl\\\/index.php\\\/solarium\\\/\",\"name\":\"Solarium - Aquapark Jarocin\",\"isPartOf\":{\"@id\":\"https:\\\/\\\/basen.js-jarocin.pl\\\/#website\"},\"primaryImageOfPage\":{\"@id\":\"https:\\\/\\\/basen.js-jarocin.pl\\\/index.php\\\/solarium\\\/#primaryimage\"},\"image\":{\"@id\":\"https:\\\/\\\/basen.js-jarocin.pl\\\/index.php\\\/solarium\\\/#primaryimage\"},\"thumbnailUrl\":\"https:\\\/\\\/basen.js-jarocin.pl\\\/wp-content\\\/uploads\\\/2024\\\/01\\\/002105-jarocin-sport-karnet-solarium-01-2024-1024x795.jpg\",\"datePublished\":\"2022-09-12T12:27:48+00:00\",\"dateModified\":\"2024-04-23T11:29:49+00:00\",\"breadcrumb\":{\"@id\":\"https:\\\/\\\/basen.js-jarocin.pl\\\/index.php\\\/solarium\\\/#breadcrumb\"},\"inLanguage\":\"pl-PL\",\"potentialAction\":[{\"@type\":\"ReadAction\",\"target\":[\"https:\\\/\\\/basen.js-jarocin.pl\\\/index.php\\\/solarium\\\/\"]}]},{\"@type\":\"ImageObject\",\"inLanguage\":\"pl-PL\",\"@id\":\"https:\\\/\\\/basen.js-jarocin.pl\\\/index.php\\\/solarium\\\/#primaryimage\",\"url\":\"https:\\\/\\\/basen.js-jarocin.pl\\\/wp-content\\\/uploads\\\/2024\\\/01\\\/002105-jarocin-sport-karnet-solarium-01-2024.jpg\",\"contentUrl\":\"https:\\\/\\\/basen.js-jarocin.pl\\\/wp-content\\\/uploads\\\/2024\\\/01\\\/002105-jarocin-sport-karnet-solarium-01-2024.jpg\",\"width\":1321,\"height\":1026},{\"@type\":\"BreadcrumbList\",\"@id\":\"https:\\\/\\\/basen.js-jarocin.pl\\\/index.php\\\/solarium\\\/#breadcrumb\",\"itemListElement\":[{\"@type\":\"ListItem\",\"position\":1,\"name\":\"Home\",\"item\":\"https:\\\/\\\/basen.js-jarocin.pl\\\/\"},{\"@type\":\"ListItem\",\"position\":2,\"name\":\"Solarium\"}]},{\"@type\":\"WebSite\",\"@id\":\"https:\\\/\\\/basen.js-jarocin.pl\\\/#website\",\"url\":\"https:\\\/\\\/basen.js-jarocin.pl\\\/\",\"name\":\"Aquapark Jarocin\",\"description\":\"\",\"potentialAction\":[{\"@type\":\"SearchAction\",\"target\":{\"@type\":\"EntryPoint\",\"urlTemplate\":\"https:\\\/\\\/basen.js-jarocin.pl\\\/?s={search_term_string}\"},\"query-input\":{\"@type\":\"PropertyValueSpecification\",\"valueRequired\":true,\"valueName\":\"search_term_string\"}}],\"inLanguage\":\"pl-PL\"}]}<\/script>\n<!-- \/ Yoast SEO plugin. -->","yoast_head_json":{"title":"Solarium - Aquapark Jarocin","robots":{"index":"index","follow":"follow","max-snippet":"max-snippet:-1","max-image-preview":"max-image-preview:large","max-video-preview":"max-video-preview:-1"},"canonical":"https:\/\/basen.js-jarocin.pl\/index.php\/solarium\/","og_locale":"pl_PL","og_type":"article","og_title":"Solarium - Aquapark Jarocin","og_description":"SOLARIUM 2 \u0142\u00f3\u017cka Ergoline Turbo Power 600 Classic UWAGA !\u00a0 Prosimy pami\u0119ta\u0107, i\u017c z solarium mo\u017ce skorzysta\u0107 tylko osoba pe\u0142noletnia. Zakaz udost\u0119pniania solarium osobom, kt\u00f3re nie uko\u0144czy\u0142y 18 roku \u017cycia.(art. 5 ust. 1 USTAWY Z DNIA 15 WRZE\u015aNIA 2017 R. O OCHRONIE ZDROWIA PRZED NAST\u0118PSTWAMI KORZYSTANIA Z SOLARIUM) Zach\u0119camy do skorzystania z solarium Jarocin sport [&hellip;]","og_url":"https:\/\/basen.js-jarocin.pl\/index.php\/solarium\/","og_site_name":"Aquapark Jarocin","article_modified_time":"2024-04-23T11:29:49+00:00","og_image":[{"url":"https:\/\/basen.js-jarocin.pl\/wp-content\/uploads\/2024\/01\/002105-jarocin-sport-karnet-solarium-01-2024-1024x795.jpg","type":"","width":"","height":""}],"twitter_card":"summary_large_image","twitter_misc":{"Szacowany czas czytania":"2 minuty"},"schema":{"@context":"https:\/\/schema.org","@graph":[{"@type":"WebPage","@id":"https:\/\/basen.js-jarocin.pl\/index.php\/solarium\/","url":"https:\/\/basen.js-jarocin.pl\/index.php\/solarium\/","name":"Solarium - Aquapark Jarocin","isPartOf":{"@id":"https:\/\/basen.js-jarocin.pl\/#website"},"primaryImageOfPage":{"@id":"https:\/\/basen.js-jarocin.pl\/index.php\/solarium\/#primaryimage"},"image":{"@id":"https:\/\/basen.js-jarocin.pl\/index.php\/solarium\/#primaryimage"},"thumbnailUrl":"https:\/\/basen.js-jarocin.pl\/wp-content\/uploads\/2024\/01\/002105-jarocin-sport-karnet-solarium-01-2024-1024x795.jpg","datePublished":"2022-09-12T12:27:48+00:00","dateModified":"2024-04-23T11:29:49+00:00","breadcrumb":{"@id":"https:\/\/basen.js-jarocin.pl\/index.php\/solarium\/#breadcrumb"},"inLanguage":"pl-PL","potentialAction":[{"@type":"ReadAction","target":["https:\/\/basen.js-jarocin.pl\/index.php\/solarium\/"]}]},{"@type":"ImageObject","inLanguage":"pl-PL","@id":"https:\/\/basen.js-jarocin.pl\/index.php\/solarium\/#primaryimage","url":"https:\/\/basen.js-jarocin.pl\/wp-content\/uploads\/2024\/01\/002105-jarocin-sport-karnet-solarium-01-2024.jpg","contentUrl":"https:\/\/basen.js-jarocin.pl\/wp-content\/uploads\/2024\/01\/002105-jarocin-sport-karnet-solarium-01-2024.jpg","width":1321,"height":1026},{"@type":"BreadcrumbList","@id":"https:\/\/basen.js-jarocin.pl\/index.php\/solarium\/#breadcrumb","itemListElement":[{"@type":"ListItem","position":1,"name":"Home","item":"https:\/\/basen.js-jarocin.pl\/"},{"@type":"ListItem","position":2,"name":"Solarium"}]},{"@type":"WebSite","@id":"https:\/\/basen.js-jarocin.pl\/#website","url":"https:\/\/basen.js-jarocin.pl\/","name":"Aquapark Jarocin","description":"","potentialAction":[{"@type":"SearchAction","target":{"@type":"EntryPoint","urlTemplate":"https:\/\/basen.js-jarocin.pl\/?s={search_term_string}"},"query-input":{"@type":"PropertyValueSpecification","valueRequired":true,"valueName":"search_term_string"}}],"inLanguage":"pl-PL"}]}},"rttpg_featured_image_url":null,"rttpg_author":{"display_name":"serwis","author_link":"https:\/\/basen.js-jarocin.pl\/index.php\/author\/serwis\/"},"rttpg_comment":0,"rttpg_category":null,"rttpg_excerpt":"SOLARIUM 2 \u0142\u00f3\u017cka Ergoline Turbo Power 600 Classic UWAGA !\u00a0 Prosimy pami\u0119ta\u0107, i\u017c z solarium mo\u017ce skorzysta\u0107 tylko osoba pe\u0142noletnia. Zakaz udost\u0119pniania solarium osobom, kt\u00f3re nie uko\u0144czy\u0142y 18 roku \u017cycia.(art. 5 ust. 1 USTAWY Z DNIA 15 WRZE\u015aNIA 2017 R. O OCHRONIE ZDROWIA PRZED NAST\u0118PSTWAMI KORZYSTANIA Z SOLARIUM) Zach\u0119camy do skorzystania z solarium Jarocin sport&hellip;","_links":{"self":[{"href":"https:\/\/basen.js-jarocin.pl\/index.php\/wp-json\/wp\/v2\/pages\/430","targetHints":{"allow":["GET"]}}],"collection":[{"href":"https:\/\/basen.js-jarocin.pl\/index.php\/wp-json\/wp\/v2\/pages"}],"about":[{"href":"https:\/\/basen.js-jarocin.pl\/index.php\/wp-json\/wp\/v2\/types\/page"}],"author":[{"embeddable":true,"href":"https:\/\/basen.js-jarocin.pl\/index.php\/wp-json\/wp\/v2\/users\/2"}],"replies":[{"embeddable":true,"href":"https:\/\/basen.js-jarocin.pl\/index.php\/wp-json\/wp\/v2\/comments?post=430"}],"version-history":[{"count":33,"href":"https:\/\/basen.js-jarocin.pl\/index.php\/wp-json\/wp\/v2\/pages\/430\/revisions"}],"predecessor-version":[{"id":5759,"href":"https:\/\/basen.js-jarocin.pl\/index.php\/wp-json\/wp\/v2\/pages\/430\/revisions\/5759"}],"wp:attachment":[{"href":"https:\/\/basen.js-jarocin.pl\/index.php\/wp-json\/wp\/v2\/media?parent=430"}],"curies":[{"name":"wp","href":"https:\/\/api.w.org\/{rel}","templated":true}]}}